5) + -7
-45
Evaluate (367 - 353) + -2 + (0 - -31).
43
What is -5 + -29 - (-36 - (-27 + 54))?
29
Calculate -52 + (216 - 135) + -50.
-21
What is 12 + (32 - (-20 - (-97 - 17)))?
-50
Calculate (34 + -30 - (9 + 51 - 9)) + 10.
-37
-77 + -3 + -3 + 2 + 1579 + -1579
-81
Evaluate -38 + -42 + 47 - 8.
-41
What is -41 - ((28 - -36) + -28)?
-77
Calculate 265 + -259 - (-5 + (-4 - -2)).
13
What is the value of 14 + (-1 + -28 - -5)?
-10
Calculate (-48 - (30 - 102)) + -5 + 66.
85
46 - (10 - (1 - -13 - -4))
54
Evaluate (4 - -9) + -15 + (-6 + 4 - -2).
-2
What is the value of (3 - (4 + -3)) + -24 + 14?
-8
Evaluate -7 - (-31 - (-52 + 23) - (-51 + 1) - 6).
-49
What is 3 + (65 - -2) + 540 + -565?
45
-2 + 8 + (12 - (67 - 10))
-39
Calculate -175 + 180 + (1 + (-4 - -9) - 83).
-72
What is the value of -126 + -21 + 58 - ((5 - 1) + 0)?
-93
What is -18 + 41 + 40 + -26 + 16?
53
Calculate (-31 + 7 - 56) + 50.
-30
Calculate -21 + 34 + 22 + (-8 + -2 - 3).
22
(112 + 27 - 83) + -108
-52
What is -2 + -17 + -25 - -18?
-26
What is the value of (-146 - -2) + (11 - 50) + 84?
-99
(15 - 7) + 15 + -25 + -56
-58
(0 - 41) + (5537 - 5556)
-60
What is (2 - (-2 - -53)) + (-48 - ((-26 - 14) + -4))?
-53
136 + (-52 - -27) - 86
25
Calculate -92 + (-166 - -175 - -3 - (17 + (-2 - -1))).
-96
-6 - (-7 + -7 + (-6 - -14)) - (-29 - -49)
-20
What is (-21 - -45) + -29 + (-50 - 2) + 2?
-55
-41 - (-8 - 49) - (-7 + 54 + -2)
-29
Evaluate -116 + 83 - (15 - -1).
-49
Evaluate (1 - (33 - (16 + -9))) + -1 + 13 + -9.
-22
What is the value of 97 + -179 + (14 + -9 - (-2 + -2))?
-73
-42 - -24 - (-252 + 342)
-108
What is (1 - 11) + (82 - 104)?
-32
What is -8 + -1 - (-307 + 286 - (-5 + (-6 - -3)))?
4
-396 + 407 + (2 - -1 - -7)
21
What is the value of -21 + -2 + 24 + -7 + (-37 - -34)?
-9
(19 - (11 - 23 - -39)) + -2 + 15
5
Evaluate 0 + 53 + (6048 - 6028).
73
What is the value of (33 - 5 - 28 - (1 + 13)) + 6?
-8
-2 - (4 + -36) - (-50 + 26 - -20)
34
20 - 35 - (-1 + 2 - -11)
-27
What is the value of 35 + -44 + (20 - -3) + -57?
-43
What is the value of -1 + (6 - (-9 - -14)) - 38?
-38
(-3 - 2 - 0) + -14 + -89 + 111
3
What is -13 + (-28 - -40) + 12 + 44?
55
What is -10 - (-2 - -7 - -28)?
-43
What is the value of -2 + 19 + (0 - (3 + 0) - (-31 + 18))?
27
Evaluate -106 + 0 + (-122 - (-133 + 15)).
-110
Calculate 18 - (52 + -13) - (2 - 16).
-7
What is the value of -56 + (-1 - (3 - 11 - (-35 + 26)) - -1)?
-57
What is -1749 + 1758 - (52 - (-3 - (-1 - 0)) - 3)?
-42
Evaluate 70 - ((-5 - 8 - (1 - 15) - 10) + 11).
68
What is 7 + (14 - (-29 + 134)) + -48?
-132
2 - 13 - (-27 + (-5 - -7 - -8) - -51)
-45
What is (22 - (-11 - 8)) + -14 - 14?
13
What is the value of -102 + 73 + 45 + (-14 - 1)?
1
7 + -18 + (-21 - -74)
42
-6 + 134 + -122 - 75
-69
-15 + 18 - ((0 - -34) + (15 - (6 - -10)))
-30
What is the value of (-701 - -702) + -1 + -105?
-105
Calculate (116 - 1) + (20 - -38) + -85.
88
What is (2 - 24) + 87 + -29 + -65?
-29
Evaluate 41 + (10 + -31 - 6).
14
Calculate (1 - -51) + -5924 + 5938.
66
Calculate 5 - (-4 + 4 + -21) - 12 - -5.
19
15 - (66 + (5 - -4) + -10)
-50
Evaluate 28 + 1 + 47 + -74 + -77.
-75
Evaluate -2 + 0 + 2 - (-89 + 14 - -110).
-35
Calculate 6 - 0 - ((5 - 36) + 14).
23
What is (-12 + -9 + 4 + 9 - -6) + (32 - 76)?
-46
-38 + -97 + (23 - (-31 + 25))
-106
What is the value of 4937 + -4789 + (-263 - 5)?
-120
12 + -30 - 47 - -37
-28
Evaluate (1 - 11) + -2 + -19 + 17 + 10.
-4
Evaluate (196 - 211) + 1 + (-2 - -3) + 9 - -47.
43
Calculate -72 + 15 + 79 - -22.
44
Evaluate (150 - 143) + (-1 + -89 - ((5 - 4) + -7)).
-77
Calculate (15 - 1) + (6 - (11 + 0) - (4 - 0)).
5
What is the value of (-62 - -1 - (-12 - -4)) + (13 + -6 - -3)?
-43
Calculate 56 - -11 - (-8 + 2 + 6).
67
44 + (40 + 98 - 191)
-9
Evaluate (-1 - -50 - 1) + 28281 + -28284.
45
Evaluate 23 - -4 - (-28 - -89).
-34
What is -11 - (-16 + 18 + 6 + 6)?
-25
Evaluate 42 + (93 - 90) + 23.
68
What is the value of 34 + 18 - 37 - (10 - 64 - -4)?
65
Calculate 69 + (13 - -1) + (-622 - -607).
68
Calculate -12 - (-45 + (-3 - -11) + (-10 - (-3 + -1))).
31
Evaluate -33 + -11 + 78 + -23.
11
Evaluate (-5 - 49) + 80 - (4 + -3 + 1).
24
What is 4 + -1 + 13 - (-510 + 496)?
30
Evaluate 59 - (31 - (30 + -16 + 7) - 15).
64
What is (12 - (-27 - -1)) + (-307 - -325)?
56
Evaluate 0 + 86 - (12448 + -12366).
4
(-1 - 7) + (-127 - -79) + 75 + 3
22
What is the value of (-31 - 397 - -367) + (1 - (1 + 19))?
-80
-31 + -21 + 36 + 27 + -160
-149
Calculate -6 + -74 + -25 + 13 + (78 - 58).
-72
Evaluate -31 + 13 + (9 - 38) - (-2 - (-6 + -3)).
-54
Evaluate -3 - (-15 - (-8 + -3 - -7)) - 43.
-35
What is (-84 - -113) + -35 + 5 + -1 + (3 - -1)?
2
Calculate (-12 - -38) + (-3 + 17 - 2) - 7.
31
14 - (3 - -1) - (13 - -3 - 9)
3
Calculate -13 + (-1 - 35 - -34).
-15
What is 20 - (-21 + 3 - -52)?
-14
Calculate -68 - ((-61 - -42) + 23) - (3 + -1 - -5).
-79
Evaluate 2 + ((1 - -2) + -3 - (1 - (26 + -24))).
3
What is (46 - 108) + 26 + 21?
-15
What is the value of (-1 - -3 - -66) + (10 - -7) + 12 + -37?
60
Calculate 5 + (-24 + -1 - -11) + 38.
29
What is 37 - (47 - (-15 + 27))?
2
Calculate -33 + 19 - -72 - ((-4 - -1) + 0).
61
What is the value of -12 - (1 + -36 + 24 + 11)?
-12
What is (66 - 43 - 63) + 76?
36
What is 6 + 19 + (-13 - 3) + -11 + (-4 - -82)?
76
What is 24 + (5 - (-61 - -46))?
44
Evaluate 1 + (67 + -2 - (-1 + 1)) + 2779 + -2774.
71
0 - (-2 - -28 - (20 - 11))
-17
What is -5 - ((-15 + 13 + 15 - 8) + -27)?
17
What is (10 - ((-8 - -13) + -2) - 9) + -17?
-19
Evaluate 64 + 39 + -90 + 54 + (-3 - 2).
62
Evaluate -17 - (9 - 8) - ((-1 - 6 - -3) + 11).
-25
What is the value of -13 + (125 + -48 - (1 - 4)) + -11?
56
What is 932 + -876 + (-1 - 4)?
51
What is the value of -8 - (11 - (2 - (-10 - -12) - -4) - -1)?
-16
Evaluate (62 - 116) + -11 + 128.
63
Calculate (6 - 11) + -14 + -11 + 7 + 32.
9
(1 - 21 - (49 + (21 - 79))) + (-2 - -7)
-6
What is -8 - -1 - ((47 - (-1 + 99)) + -41)?
85
5 + (-151 - (-15 + 6 + -1 + -4)) + 12
-120
Evaluate 8 + (44 - -51 - 72).
31
(0 - -5) + (-77 - (-15 - -25 - 44)) + -4
-42
What is the value of -127 + 104 + 19 + 31 + (-4 - (-2 + 0))?
25
66 - 1 - ((-45 - -55 - (13 - 5)) + 8)
55
What is the value of 11 - 12 - ((-27 - -11) + 74)?
-59
(16 + -5 - 16) + (12 - 19)
-12
-42 + (-35 - (-39 + -29))
-9
What is the value of -3 + 1 + 48 - (-159 - -174)?
31
Evaluate 3898 - 3954 - ((3 - 13) + -3).
-43
Evaluate (0 - -9) + -4 + -17 + 17 + -49.
-44
Evaluate -23 - (84 - (2 + -2)) - -27.
-80
Calculate 135 + (-52 - -14) + (1 - -2 - (-42 - -55)).
87
What is the value of -30 - (-28 + (41 - (-44 + 62)))?
-25
What is 4 + -1 + -3 - 4 - (22 - 36)?
10
(-9 - (-22 + 11 + 0)) + -7 + 65
60
What is the value of -2 + (2 - 5) + (49 - 74) + 25 + -39?
-44
What is 80 - -1 - ((-1 - -6) + 14 + 55 + -67)?
74
Calculate -47 - -64 - 48 - -21.
-10
-27 + -43 + 28 + -24
-66
What is (5 - 3) + 1 - ((5 + -4 - 9) + 2)?
9
(16 - 35) + 23 + (4 - 12) + -42
-46
Evaluate (8 - (-1 + 20) - -3) + -26.
-34
(6 - 3) + -2 + 95 + (-17 - 32)
47
(-21 - 39) + (3 - (-8 + 11) - -10 - 20)
-70
-337 - -335 - (-39 - (-5 - -5))
37
Evaluate 36 + (-47 + 80 - 38).
31
(17 + -17 - -20) + (-355 - -233)
-102
What is 5 + -29 + -22 + 10 + 12?
-24
Evaluate (1 - (-9 + 28 + -6) - -16) + (8 - 28).
-16
-6 + -82 + -5 + 6 + -7 + 104 + -107
-97
Calculate (-71 - -1) + -9 + 9 + 5.
-65
What is the value of -5 - -2 - (16 + -8 - 45) - (40 + -33)?
27
Evaluate -9 - (-63 - -52) - 4.
-2
Calculate (4 + 40 - (-128 - -147)) + -103 - (-1 + 13).
-90
What is the value of -14 + (31 - (16 + -4)) - -31?
36
42 + -21 + -35 + -22 + 6
-30
Calculate -4 + (-3 - -20) + -4 + -52 + -1.
-44
(-6 + -13 + 40 - 90) + (10 - (-1 - 1))
-57
(-18 - (7 + -12)) + -2
-15
What is the value of 9 - ((-36 - -160) + -23)?
-92
Evaluate 28 + -58 + 9 + 26.
5
Evaluate -30 + -20 + 73 + -12 + -7.
4
What is the value of -27 + -6 + 2 + (-2 - -9)?
-24
What is (0 - -42) + 112 + -159 + (12 - -2)?
9
What is the value of 14 - (18 - 6 - 6) - -9?
17
3 + 12 + 1 + -16 + 8 + 21 + 13
42
Calculate -6 + ((-2 - 5 - -1) + -13 + 10 - -69).
54
Calculate 33 + -1 + (-1 - -1) + (235 - (341 + -108)).
34
Evaluate (50 - 61) + (-1 - 17) - (24 + -10).
-43
Evaluate -12 + -2 - (29 - (-2 + 141)) - (-1 + 10).
87
What is the value of (-67 + -86 - -63) + -13?
-103
-1 + (10 - (28 - 14)) - (-9 + (16 - -5))
-17
What is (31 - (6 - -7)) + (-18 - -3 - (13 - 27))?
17
What is the value of 0 - 34 